356
What is the highest common factor of 342 and 8810946?
342
Calculate the greatest common divisor of 60 and 766860.
60
What is the greatest common divisor of 240 and 4920?
120
Calculate the greatest common factor of 663 and 26988.
39
Calculate the highest common factor of 85 and 46750.
85
What is the greatest common divisor of 3841024 and 512?
512
What is the greatest common factor of 3264 and 19856?
272
Calculate the greatest common factor of 9102 and 16482.
246
What is the highest common factor of 336 and 27732?
12
Calculate the greatest common factor of 68987 and 1192.
149
Calculate the highest common divisor of 7213875 and 50.
25
Calculate the highest common divisor of 1199034 and 522.
522
What is the highest common divisor of 9240719 and 593?
593
Calculate the highest common divisor of 4059 and 156321.
99
What is the highest common divisor of 317883 and 21951?
813
What is the greatest common divisor of 3145233 and 91?
91
Calculate the highest common factor of 64 and 7584.
32
Calculate the greatest common factor of 56 and 818392.
8
What is the highest common factor of 36297 and 2331?
333
Calculate the greatest common divisor of 484 and 815782.
242
What is the greatest common divisor of 16 and 361?
1
Calculate the greatest common factor of 554668 and 828.
92
Calculate the highest common divisor of 8 and 6394156.
4
Calculate the highest common factor of 17344 and 285092.
1084
What is the highest common divisor of 30 and 397540?
10
Calculate the greatest common divisor of 641368 and 504.
56
Calculate the greatest common factor of 5671 and 3074.
53
Calculate the highest common factor of 104 and 1358552.
104
What is the highest common divisor of 473 and 158653?
11
Calculate the highest common factor of 1332 and 8676.
36
What is the highest common factor of 8028 and 1572?
12
What is the greatest common divisor of 390944 and 152?
152
Calculate the highest common divisor of 51731 and 5728.
179
What is the highest common divisor of 5710167 and 477?
477
Calculate the greatest common factor of 1901 and 269.
1
What is the highest common factor of 10416 and 89187?
651
What is the highest common factor of 77200 and 1525?
25
What is the greatest common divisor of 82056 and 624?
312
Calculate the greatest common factor of 26 and 1150838.
26
What is the highest common factor of 7136 and 67123?
223
Calculate the greatest common factor of 2647249 and 11.
11
Calculate the highest common factor of 267642 and 630.
18
What is the highest common factor of 808 and 18817916?
404
Calculate the greatest common factor of 33989 and 82.
41
What is the greatest common factor of 65 and 2849106?
13
What is the highest common divisor of 588 and 29316?
84
Calculate the greatest common factor of 57 and 23389.
19
What is the greatest common divisor of 432334 and 42?
14
What is the highest common factor of 44 and 261536?
44
What is the highest common divisor of 4689 and 54?
9
What is the greatest common divisor of 204673 and 49?
49
Calculate the highest common divisor of 1125 and 855.
45
What is the greatest common factor of 1246 and 1694?
14
What is the greatest common divisor of 1472 and 2093?
23
What is the highest common factor of 26435 and 68?
17
What is the greatest common divisor of 14720 and 100280?
920
What is the highest common divisor of 1310285 and 5?
5
What is the greatest common divisor of 1749 and 1960046?
583
What is the greatest common factor of 19936 and 1344?
224
Calculate the highest common factor of 118 and 1248.
2
Calculate the greatest common divisor of 153856 and 240.
16
Calculate the highest common divisor of 56 and 200620.
28
Calculate the highest common divisor of 1764 and 1161153.
441
Calculate the highest common factor of 73264 and 32.
16
Calculate the greatest common factor of 285 and 1596.
57
Calculate the greatest common divisor of 132 and 83523.
33
Calculate the greatest common factor of 182 and 91056.
14
Calculate the highest common factor of 12159296 and 128.
64
Calculate the highest common divisor of 1830546 and 933.
933
What is the highest common factor of 12446 and 42?
14
What is the highest common factor of 425 and 19584?
17
What is the greatest common factor of 472 and 2362596?
236
Calculate the highest common factor of 1860171 and 207.
69
What is the greatest common factor of 2360 and 187030?
590
Calculate the highest common factor of 56164 and 76.
76
What is the greatest common divisor of 1178 and 38494?
38
Calculate the highest common factor of 1012554 and 22950.
918
Calculate the highest common factor of 4122629 and 14.
7
Calculate the greatest common factor of 31908 and 84.
12
Calculate the greatest common divisor of 487687 and 519.
173
Calculate the highest common factor of 39 and 478374.
39
What is the highest common factor of 182782 and 1652?
118
Calculate the greatest common factor of 64 and 546232.
8
What is the highest common factor of 27 and 344637?
9
Calculate the highest common divisor of 387208 and 14384.
232
What is the greatest common divisor of 73 and 935495?
73
Calculate the greatest common factor of 22596 and 2982.
42
What is the highest common factor of 22110 and 770?
110
Calculate the greatest common divisor of 4807 and 7429.
437
What is the greatest common factor of 960 and 840720?
240
What is the highest common divisor of 360241 and 1113?
371
What is the highest common factor of 2531664 and 144?
144
Calculate the highest common divisor of 42854 and 1190.
14
What is the highest common divisor of 1921500 and 315?
315
What is the highest common factor of 63390 and 675?
15
What is the highest common factor of 13248 and 25344?
576
Calculate the highest common divisor of 1224 and 3128.
136
Calculate the highest common divisor of 27632 and 1232.
176
What is the highest common factor of 3055014 and 89?
89
What is the greatest common divisor of 76320 and 30?
30
Calculate the highest common divisor of 3024 and 44912.
112
What is the highest common factor of 570 and 95000?
190
What is the greatest common divisor of 118244 and 1498?
14
Calculate the greatest common factor of 9 and 20811.
3
Calculate the highest common factor of 9 and 169524.
9
What is the highest common factor of 554 and 7?
1
What is the greatest common factor of 88581 and 9?
3
What is the greatest common factor of 234730 and 20?
10
Calculate the highest common factor of 794822 and 28.
14
What is the highest common divisor of 2 and 55530?
2
What is the highest common divisor of 72190 and 10?
10
What is the highest common factor of 817021 and 283?
283
What is the highest common divisor of 733710 and 2590?
370
What is the highest common factor of 2190 and 32631?
219
What is the greatest common factor of 2 and 19814?
2
Calculate the highest common divisor of 98208 and 3744.
288
Calculate the greatest common factor of 1974 and 3402.
42
Calculate the greatest common divisor of 259237 and 671.
11
What is the greatest common factor of 1616 and 55146?
202
What is the highest common factor of 4849 and 13?
13
What is the greatest common divisor of 57 and 1063202?
19
Calculate the highest common divisor of 2575 and 800.
25
What is the highest common factor of 12 and 3?
3
Calculate the greatest common factor of 52248 and 2436.
84
What is the highest common factor of 8050 and 45425?
575
What is the highest common divisor of 408828 and 2387?
217
Calculate the highest common factor of 194 and 51313.
97
What is the greatest common factor of 222 and 111074?
74
Calculate the highest common divisor of 1197 and 17703.
63
Calculate the highest common factor of 8012 and 52.
4
Calculate the highest common factor of 23384 and 1580.
316
What is the greatest common divisor of 139075 and 25?
25
Calculate the highest common factor of 15916 and 184.
92
What is the highest common divisor of 1666 and 196?
98
What is the highest common divisor of 39 and 387?
3
What is the highest common factor of 252938 and 49?
49
What is the highest common factor of 1107216 and 9?
9
What is the greatest common factor of 1072203 and 77?
11
What is the greatest common factor of 2 and 381342?
2
Calculate the greatest common factor of 3 and 1195.
1
Calculate the greatest common divisor of 9541 and 34307.
203
What is the highest common factor of 1009 and 312?
1
Calculate the highest common factor of 424 a